Calculate the greatest common factor of 6165 and 17125.
685
What is the greatest common factor of 4 and 14316?
4
What is the greatest common factor of 204 and 130332?
12
Calculate the greatest common divisor of 3905 and 880.
55
What is the highest common factor of 334754 and 84?
14
What is the greatest common factor of 50 and 20825?
25
What is the greatest common divisor of 712480 and 305?
305
Calculate the highest common divisor of 613868 and 43.
43
What is the highest common divisor of 4082 and 17898?
314
What is the greatest common factor of 220 and 38445?
55
Calculate the greatest common divisor of 3490 and 1120.
10
What is the greatest common divisor of 7125 and 133?
19
Calculate the greatest common factor of 384498 and 22403.
521
Calculate the highest common factor of 49 and 2394.
7
Calculate the highest common divisor of 37016 and 42.
14
What is the greatest common divisor of 921080 and 40?
40
Calculate the greatest common divisor of 106 and 61003.
53
What is the highest common factor of 1575 and 6600?
75
What is the highest common factor of 2336 and 1?
1
What is the highest common factor of 1717 and 527?
17
Calculate the greatest common factor of 6536 and 3698.
86
Calculate the greatest common factor of 516 and 54051.
129
What is the greatest common divisor of 1357352 and 8?
8
Calculate the highest common divisor of 143354 and 626.
626
Calculate the greatest common divisor of 403 and 62829.
13
Calculate the greatest common divisor of 627 and 561.
33
Calculate the greatest common divisor of 2220 and 12876.
444
What is the highest common divisor of 67011 and 168?
21
Calculate the greatest common factor of 60 and 237774.
6
Calculate the highest common factor of 462 and 3323166.
462
What is the greatest common factor of 3815 and 13843?
109
Calculate the greatest common factor of 807513 and 21.
21
Calculate the greatest common factor of 12716 and 564128.
1156
What is the highest common factor of 267703 and 53?
53
What is the highest common divisor of 1620 and 4185?
135
What is the highest common divisor of 27972 and 232767?
999
Calculate the greatest common divisor of 43 and 2540999.
43
What is the highest common factor of 1908975 and 30?
15
What is the greatest common factor of 33630 and 17195?
95
Calculate the greatest common factor of 18 and 23823.
9
What is the greatest common factor of 181 and 94663?
181
Calculate the highest common divisor of 261290 and 53.
53
Calculate the highest common divisor of 1223384 and 496.
248
What is the highest common divisor of 140045 and 12112?
757
What is the greatest common factor of 378 and 42498?
54
Calculate the greatest common factor of 1106149 and 22.
11
Calculate the highest common divisor of 2084 and 165157.
521
Calculate the highest common factor of 965322 and 9.
9
What is the highest common factor of 1075868 and 8864?
1108
What is the greatest common factor of 256136 and 317?
317
What is the greatest common factor of 931 and 152285?
133
What is the greatest common divisor of 84 and 195174?
42
Calculate the highest common divisor of 98 and 50638.
14
Calculate the highest common factor of 462 and 159863.
11
Calculate the highest common factor of 8106 and 525.
21
What is the greatest common factor of 163 and 1357627?
163
Calculate the greatest common divisor of 594 and 12672.
198
Calculate the highest common divisor of 3625 and 24000.
125
Calculate the highest common factor of 69254 and 2542.
62
What is the highest common factor of 115260 and 17?
17
What is the greatest common factor of 90 and 965?
5
Calculate the highest common divisor of 24 and 74757.
3
What is the highest common factor of 1145 and 374873?
229
What is the highest common divisor of 24 and 4569?
3
Calculate the greatest common divisor of 18072 and 432.
72
Calculate the greatest common divisor of 110505 and 159.
159
Calculate the greatest common divisor of 15688 and 46916.
148
What is the highest common factor of 28 and 16450?
14
What is the highest common factor of 98355 and 498?
249
What is the highest common divisor of 37 and 1787063?
37
Calculate the greatest common divisor of 480 and 1460.
20
What is the highest common divisor of 370148 and 854?
122
What is the highest common factor of 3227 and 3402?
7
What is the highest common factor of 360 and 6360?
120
What is the greatest common divisor of 602 and 3096?
86
What is the highest common divisor of 669719 and 1159?
61
Calculate the highest common divisor of 41667 and 3999.
129
What is the greatest common factor of 68 and 271320?
68
Calculate the greatest common divisor of 186321 and 8616.
1077
Calculate the greatest common factor of 18266700 and 15.
15
Calculate the highest common factor of 23 and 353073.
23
What is the greatest common factor of 14 and 110894?
14
Calculate the greatest common factor of 432676 and 32.
4
Calculate the greatest common divisor of 2743 and 4043.
13
Calculate the highest common divisor of 97470 and 30.
30
Calculate the greatest common factor of 1306 and 2994658.
1306
Calculate the highest common factor of 1254231 and 5412.
1353
Calculate the greatest common factor of 72018 and 486.
18
What is the highest common factor of 86 and 734569?
43
What is the greatest common factor of 17741 and 226?
113
Calculate the greatest common factor of 357 and 72233.
119
What is the highest common factor of 230 and 185?
5
Calculate the highest common divisor of 172142 and 68442.
2074
What is the highest common factor of 357 and 7548?
51
What is the greatest common divisor of 20503 and 9019?
29
What is the greatest common divisor of 10996 and 8?
4
What is the highest common factor of 224111 and 17?
17
Calculate the greatest common factor of 29276 and 2275.
13
What is the highest common factor of 280 and 184792?
8
What is the greatest common factor of 32 and 2977?
1
What is the greatest common factor of 2340 and 10270?
130
What is the greatest common divisor of 749 and 2157120?
749
What is the highest common divisor of 1380 and 1884?
12
Calculate the greatest common divisor of 7452 and 588.
12
What is the highest common factor of 247128 and 2184?
168
Calculate the greatest common divisor of 2486115 and 2020.
505
Calculate the greatest common factor of 4972 and 23276.
44
Calculate the highest common divisor of 320 and 218688.
64
What is the highest common divisor of 160744 and 2830?
566
Calculate the greatest common factor of 25 and 491100.
25
Calculate the greatest common divisor of 29 and 10991.
29
What is the greatest common factor of 15738 and 3096?
258
What is the highest common divisor of 106 and 1534933?
53
What is the greatest common factor of 21590 and 68?
34
Calculate the highest common divisor of 658762 and 1352.
338
Calculate the highest common factor of 204028 and 44.
44
What is the highest common divisor of 696 and 16617?
87
Calculate the highest common divisor of 2604830 and 10.
10
What is the greatest common factor of 45323 and 244?
61
Calculate the highest common factor of 188 and 286700.
188
What is the greatest common divisor of 7375 and 42000?
125
Calculate the highest common divisor of 95 and 19660535.
95
What is the highest common factor of 102362 and 13?
13
Calculate the greatest common factor of 57409 and 20383.
187
Calculate the highest common factor of 36 and 21660.
12
What is the greatest common factor of 4995 and 7400?
185
What is the greatest common divisor of 468 and 625872?
156
What is the greatest common divisor of 25395 and 75?
15
Calculate the highest common factor of 103161 and 54969.
753
What is the greatest common factor of 17711 and 1990?
199
Calculate the highest common factor of 5863 and 1573.
143
What is the greatest common divisor of 99 and 147180?
33
Calculate the highest common divisor of 423902 and 2896.
362
Calculate the highest common divisor of 122784 and 136.
8
Calculate the highest common factor of 702 and 2766.
6
What is the greatest common divisor of 13965 and 38?
19
What is the greatest common factor of 133 and 13853?
7
Calculate the highest common divisor of 465 and 31465.
155
Calculate the greatest common factor of 2336613 and 3.
3
Calculate the highest common factor of 51896 and 312.
104
Calculate the greatest common divisor of 589 and 40014.
19
Calculate the highest common factor of 85561 and 119.
119
What is